e 4.
11031231203
9909 (base 12) to base 6
210013
Convert 6be1c (base 15) to base 8.
1237764
What is 11023342042 (base 5) in base 3?
211110022101211
What is 1001000010111111 (base 2) in base 8?
110277
Convert -132a2 (base 15) to base 6.
-1152012
Convert 925432 (base 11) to base 7.
15426054
-32287 (base 14) to base 15
-25dd2
-12650 (base 9) to base 14
-318a
What is -1111110100111110010 (base 2) in base 6?
-15041042
5041570 (base 8) to base 10
1327992
Convert 24341014 (base 5) to base 7.
1650524
30104233 (base 5) to base 16
3a1f4
Convert 2544561 (base 11) to base 8.
20653011
What is -2241362 (base 7) in base 11?
-180722
Convert 1841044 (base 9) to base 13.
2a128b
What is -185408 (base 13) in base 16?
-9547a
What is 201953 (base 15) in base 6?
52400340
Convert -249933 (base 12) to base 9.
-1110543
13245051 (base 6) to base 14
b6db9
-28bcbb (base 13) to base 7
-11322640
Convert 3149992 (base 10) to base 12.
107aab4
Convert -1111000111001111 (base 2) to base 7.
-345322
What is 11000010000110100101 (base 2) in base 6?
25012433
What is -2021102201201 (base 3) in base 14?
-236966
-531873 (base 9) to base 6
-10440403
Convert 9d087e (base 15) to base 7.
120462422
What is -110100020012 (base 3) in base 7?
-2031143
What is -240821 (base 9) in base 11?
-99a47
What is -100101110000111011 (base 2) in base 3?
-21212012000
What is -2a8423b (base 13) in base 15?
-12dad27
Convert 575670 (base 10) to base 11.
363567
Convert 17c2b (base 15) to base 11.
52932
Convert -1010101100011001000011 (base 2) to base 11.
-1645155
What is -31245324 (base 6) in base 12?
-379844
What is -1c5be8 (base 16) in base 10?
-1858536
Convert -12022221112 (base 3) to base 11.
-71927
1011111110011000101111 (base 2) to base 7
35452644
Convert 120202032310 (base 4) to base 11.
36a3231
What is -323333030 (base 4) in base 11?
-158671
-3212a (base 15) to base 11
-a9416
-101101010000000011 (base 2) to base 15
-39db7
What is 334455 (base 8) in base 15?
236e6
What is 100010100101111001111 (base 2) in base 5?
242233034
What is 12dcab (base 16) in base 6?
42254511
Convert 434911 (base 14) to base 4.
20230132003
What is -25a06 (base 13) in base 5?
-4213203
Convert -3323 (base 10) to base 15.
-eb8
What is -f535 (base 16) in base 11?
-43187
What is -325724 (base 10) in base 13?
-b5349
What is -deb8 (base 15) in base 7?
-254414
What is -8bacbc (base 13) in base 15?
-45552d
What is 1918798 (base 10) in base 3?
10121111002121
What is 16baa8 (base 13) in base 4?
2022311032
-9a422c (base 13) to base 3
-20211202012220
Convert -4cea4 (base 16) to base 11.
-1a5774
What is 23b8d5 (base 14) in base 3?
2022010102012
843002 (base 12) to base 16
1fb842
21022102200 (base 3) to base 9
238380
What is -34011420 (base 5) in base 6?
-10214223
Convert 484661 (base 11) to base 7.
6344314
What is 411515 (base 7) in base 11?
48845
What is 22221210202202 (base 3) in base 9?
8853682
-1000000000000100011000 (base 2) to base 11
-1202917
-113310120001 (base 4) to base 16
-5f4601
Convert -554572 (base 9) to base 6.
-11034232
-21522120 (base 7) to base 12
-755129
Convert -2684333 (base 13) to base 8.
-56166241
-ba968 (base 16) to base 14
-15c744
Convert -33133321330 (base 4) to base 2.
-1111011111111001111100
What is 331622 (base 10) in base 3?
121211220022
136535 (base 10) to base 3
20221021212
-1315111 (base 6) to base 14
-1c559
Convert 3643a52 (base 11) to base 3.
102221100110002
What is 3010a (base 14) in base 2?
11100001011111110
Convert 9a326 (base 11) to base 9.
241483
193307 (base 10) to base 14
50639
Convert -210354 (base 14) to base 16.
-110266
-33021012213 (base 4) to base 6
-221025023
Convert 6421361 (base 7) to base 11.
491959
What is 456604 (base 7) in base 16?
13eb5
-24154310 (base 6) to base 2
-10111001111110000010
Convert -481100 (base 11) to base 13.
-209269
-2a156f (base 16) to base 15
-3972b9
What is 221143 (base 8) in base 4?
102021203
What is 7835186 (base 9) in base 2?
10000000101010010011110
Convert -4566386 (base 10) to base 14.
-86c1c6
87aaf0 (base 16) to base 13
1ac3c24
25d82 (base 16) to base 7
1213632
What is -24251616 (base 7) in base 4?
-20100103233
Convert -90850 (base 12) to base 9.
-315586
-5321 (base 14) to base 2
-11100000000001
What is 3d137 (base 15) in base 2?
101111110110111011
2446256 (base 9) to base 14
268937
What is -233030131 (base 4) in base 11?
-122266
Convert -667210 (base 8) to base 7.
-1624461
Convert -43224315 (base 6) to base 15.
-1a3dae
Convert -94657 (base 10) to base 11.
-65132
What is -b8e5d (base 16) in base 3?
-1102110212200
What is 15051 (base 8) in base 3?
100012001
Convert -2b507 (base 16) to base 13.
-629a4
107290 (base 10) to base 9
173151
What is -50452150 (base 6) in base 15?
-1d600c
What is 66816 (base 10) in base 12?
32800
-506818 (base 10) to base 8
-1735702
-13c1cb (base 16) to base 12
-525377
Convert a132 (base 11) to base 7.
54155
What is 512424 (base 7) in base 14?
23b84
Convert 300162 (base 7) to base 14.
145a2
What is -202111212 (base 4) in base 6?
-3003050
What is -10011001000001 (base 2) in base 8?
-23101
Convert -1514565 (base 8) to base 5.
-102320001
-11011001010111100110 (base 2) to base 8
-3312746
What is -20202134 (base 5) in base 13?
-59138
Convert 1334b3 (base 13) to base 16.
71605
753370 (base 11) to base 8
4461403
-a8a2d (base 15) to base 10
-535543
Convert 22100011100122 (base 3) to base 16.
439feb
7871182 (base 9) to base 8
20127672
Convert -4ed2fc (base 16) to base 13.
-10bb3ca
-2191981 (base 10) to base 15
-2d4721
123671 (base 13) to base 14
b4d0c
Convert 330640a (base 12) to base 9.
20247021
Convert -37b062b (base 13) to base 11.
-9900994
Convert -700564 (base 8) to base 10.
-229748
Convert -2364848 (base 12) to base 10.
-6851000
Convert -1110100100000101100111 (base 2) to base 9.
-7158064
Convert -102f14 (base 16) to base 8.
-4027424
What is -68436 (base 10) in base 13?
-251c4
Convert -20519 (base 10) to base 7.
-113552
Convert -1423725 (base 15) to base 9.
-30322578
-102022010222101 (base 3) to base 9
-12263871
What is -27524 (base 12) in base 8?
-152054
806074 (base 9) to base 15
9643d
Convert -2c602e (base 16) to base 15.
-3c6a56
Convert 2900a28 (base 11) to base 15.
6899b6
15705164 (base 8) to base 15
4bd769
What is -1365531 (base 8) in base 3?
-201201010202
What is 476a4 (base 13) in base 2?
11111111011010011
Convert -120324413 (base 5) to base 2.
-10001000010000011100
What is 21a0 (base 16) in base 8?
20640
Convert 30330301300 (base 4) to base 3.
20101110121121
Convert 2616a2 (base 11) to base 4.
1210213111
Convert 11cce (base 16) to base 12.
3623a
What is 71d5b (base 14) in base 9?
457221
What is -e5e00 (base 15) in base 6?
-23341543
Convert 107036 (base 10) to base 8.
321034
Convert -202222001020 (base 3) to base 5.
-101201042
Convert -1598828 (base 10) to base 14.
-2d8940
7693739 (base 11) to base 15
12bb23e
Convert -1066034 (base 7) to base 4.
-200233322
Convert -110113101221 (base 4) to base 10.
-5338217
935048 (base 11) to base 7
15515303
-e5cc2 (base 16) to base 3
-1202211011010
What is -4628a6 (base 14) in base 2?
-1001000111010000000010
What is -143442 (base 10) in base 5?
-14042232
20010201 (base 4) to base 14
c093
Convert -2a09b (base 12) to base 8.
-162767
What is 1122444212 (base 5) in base 3?
11210101120012
What is 3401311 (base 11) in base 12?
1bb5501
18b271a (base 12) to base 5
2313143342
Convert 7710 (base 12) to base 5.
404431
-1312762 (base 8) to base 16
-595f2
Convert -340c86 (base 14) to base 11.
-aa9593
-1110011010011010 (base 2) to base 6
-1133150
-a2b92 (base 15) to base 13
-1508c6
Convert -574195 (base 12) to base 4.
-11110330001
72407 (base 11) to base 6
2133024
What is 4002331 (base 5) in base 14?
18c89
-4024337 (base 8) to base 5
-232342124
-271070 (base 8) to base 5
-11013101
What is 12436564 (base 8) in base 3?
12012122022120
Convert -1100001110101111100 (base 2) to base 7.
-3256260
Convert -1540 (base 8) to base 11.
-716
Convert 22210221201 (base 3) to base 13.
60c58
What is 69111 (base 11) in base 16?
18676
Convert -11150 (base 13) to base 12.
-15b28
31223202222 (base 4) to base 16
36b8aa
-12695043 (base 10) to base 9
-25788283
11054140 (base 7) to base 16
e9116
Convert 11322203131 (base 4) to base 5.
344104212
1975d (base 16) to base 5
11314120
2013012 (base 9) to base 8
4055031
What is -8516 (base 